 the prime factors of 1341444?
2, 3, 13, 8599
List the prime factors of 7607042.
2, 331, 11491
What are the prime factors of 7985856?
2, 3, 41593
What are the prime factors of 1157132?
2, 289283
What are the prime factors of 2305509?
3, 768503
What are the prime factors of 11782565?
5, 19, 73, 1699
List the prime factors of 397041.
3, 132347
List the prime factors of 406731.
3, 13, 10429
List the prime factors of 880540.
2, 5, 44027
List the prime factors of 7635901.
7, 13, 83911
List the prime factors of 415154.
2, 251, 827
List the prime factors of 21423400.
2, 5, 17, 6301
List the prime factors of 1715388.
2, 3, 142949
List the prime factors of 2386663.
2386663
List the prime factors of 911124.
2, 3, 25309
What are the prime factors of 21629423?
17, 37, 137, 251
List the prime factors of 261781.
13, 1549
List the prime factors of 8781097.
13, 19, 73, 487
List the prime factors of 1215564.
2, 3, 7, 29, 499
What are the prime factors of 11899679?
11, 1081789
What are the prime factors of 239485?
5, 211, 227
What are the prime factors of 393758?
2, 196879
What are the prime factors of 228031?
37, 6163
List the prime factors of 25761509.
37, 696257
What are the prime factors of 3365264?
2, 7, 30047
What are the prime factors of 2230487?
7, 318641
What are the prime factors of 1400433?
3, 19, 79, 311
What are the prime factors of 602737?
19, 31723
What are the prime factors of 243654?
2, 3, 40609
List the prime factors of 2743990.
2, 5, 331, 829
List the prime factors of 2048122.
2, 1024061
List the prime factors of 760741.
19, 40039
What are the prime factors of 531809?
179, 2971
List the prime factors of 6543555.
3, 5, 17, 67, 383
List the prime factors of 208170.
2, 3, 5, 257
List the prime factors of 347147.
41, 8467
What are the prime factors of 711376?
2, 173, 257
List the prime factors of 2936622.
2, 3, 13, 37649
What are the prime factors of 2810709?
3, 11, 29, 89
What are the prime factors of 2258889?
3, 139, 5417
List the prime factors of 460733.
7, 13, 61, 83
List the prime factors of 1563439.
17, 91967
List the prime factors of 12300939.
3, 7, 195253
List the prime factors of 285267.
3, 95089
List the prime factors of 124231.
124231
List the prime factors of 5515612.
2, 1378903
List the prime factors of 2300239.
2300239
What are the prime factors of 358907?
358907
What are the prime factors of 4287778?
2, 11, 194899
What are the prime factors of 21628159?
7, 193, 2287
What are the prime factors of 997993?
23, 43391
List the prime factors of 728633.
281, 2593
List the prime factors of 34395949.
7, 4913707
What are the prime factors of 8853431?
149, 59419
List the prime factors of 1385615.
5, 7, 11, 59, 61
What are the prime factors of 11388529?
41, 89, 3121
List the prime factors of 16544987.
47, 352021
List the prime factors of 220729.
103, 2143
List the prime factors of 4425971.
11, 402361
What are the prime factors of 312375?
3, 5, 7, 17
What are the prime factors of 284237?
284237
List the prime factors of 229342.
2, 114671
What are the prime factors of 14045?
5, 53
List the prime factors of 73816.
2, 9227
List the prime factors of 3429134.
2, 29, 59123
List the prime factors of 2236043.
43, 149, 349
List the prime factors of 9972372.
2, 3, 831031
List the prime factors of 15062538.
2, 3, 67, 89, 421
What are the prime factors of 650583?
3, 72287
What are the prime factors of 21258565?
5, 53, 80221
List the prime factors of 260863.
260863
What are the prime factors of 111696?
2, 3, 13, 179
List the prime factors of 28917191.
28917191
List the prime factors of 36734.
2, 18367
List the prime factors of 617057.
7, 257
What are the prime factors of 179091?
3, 11, 67
List the prime factors of 53332.
2, 67, 199
List the prime factors of 90828.
2, 3, 29
List the prime factors of 14832019.
107, 138617
What are the prime factors of 1919177?
13, 147629
What are the prime factors of 288649?
288649
List the prime factors of 559330.
2, 5, 55933
List the prime factors of 2262839.
293, 7723
What are the prime factors of 10517903?
11, 53, 18041
List the prime factors of 36129780.
2, 3, 5, 23, 2909
List the prime factors of 4955429.
4955429
List the prime factors of 181165.
5, 19, 1907
List the prime factors of 3840875.
5, 30727
What are the prime factors of 639995?
5, 31, 4129
What are the prime factors of 2246830?
2, 5, 224683
List the prime factors of 928.
2, 29
List the prime factors of 281986.
2, 277, 509
List the prime factors of 299597.
131, 2287
List the prime factors of 252784.
2, 7, 37, 61
List the prime factors of 192016.
2, 11, 1091
What are the prime factors of 299704?
2, 37463
What are the prime factors of 858038?
2, 23, 811
List the prime factors of 250271.
7, 35753
What are the prime factors of 2007404?
2, 7, 71693
What are the prime factors of 5187?
3, 7, 13, 19
What are the prime factors of 774888?
2, 3, 83, 389
What are the prime factors of 96908?
2, 7, 3461
What are the prime factors of 140054?
2, 239, 293
List the prime factors of 841552.
2, 149, 353
What are the prime factors of 25790936?
2, 3223867
What are the prime factors of 1743747?
3, 47, 83, 149
What are the prime factors of 7987960?
2, 5, 17, 691
What are the prime factors of 2004464?
2, 7, 11, 1627
List the prime factors of 597751.
7, 11, 1109
List the prime factors of 3498648.
2, 3, 145777
What are the prime factors of 1239395?
5, 247879
List the prime factors of 4742336.
2, 74099
What are the prime factors of 355041?
3, 103, 383
List the prime factors of 958732.
2, 17, 23, 613
List the prime factors of 3140752.
2, 73, 2689
List the prime factors of 1830620.
2, 5, 11, 53, 157
What are the prime factors of 554689?
41, 83, 163
What are the prime factors of 865959?
3, 288653
List the prime factors of 2936092.
2, 41, 17903
List the prime factors of 2288757.
3, 762919
What are the prime factors of 1294672?
2, 80917
What are the prime factors of 205972?
2, 13, 17, 233
What are the prime factors of 651256?
2, 127, 641
List the prime factors of 630568.
2, 23, 149
List the prime factors of 222134.
2, 11, 23, 439
What are the prime factors of 10450218?
2, 3, 521, 3343
List the prime factors of 1670671.
937, 1783
What are the prime factors of 199318?
2, 7, 23, 619
List the prime factors of 1128373.
1128373
List the prime factors of 238145.
5, 47629
List the prime factors of 981959.
11, 89269
What are the prime factors of 927012?
2, 3, 67, 1153
What are the prime factors of 2837911?
29, 97859
List the prime factors of 206803.
206803
What are the prime factors of 7308?
2, 3, 7, 29
What are the prime factors of 3432332?
2, 858083
What are the prime factors of 289759?
289759
List the prime factors of 134894.
2, 67447
What are the prime factors of 7101009?
3, 789001
What are the prime factors of 40818?
2, 3, 6803
List the prime factors of 401839.
401839
What are the prime factors of 1406861?
1406861
What are the prime factors of 8356500?
2, 3, 5, 619
List the prime factors of 9088633.
9088633
What are the prime factors of 1360900?
2, 5, 31, 439
What are the prime factors of 3147132?
2, 3, 262261
What are the prime factors of 597400?
2, 5, 29, 103
List the prime factors of 1738623.
3, 579541
List the prime factors of 3051381.
3, 17, 19, 47, 67
What are the prime factors of 359364?
2, 3, 29947
List the prime factors of 35787.
3, 79, 151
List the prime factors of 3799494.
2, 3, 71, 991
What are the prime factors of 253132?
2, 11, 523
List the prime factors of 373837.
373837
What are the prime factors of 979453?
821, 1193
What are the prime factors of 53076?
2, 3, 4423
List the prime factors of 267040.
2, 5, 1669
List the prime factors of 14030853.
3, 4676951
What are the prime factors of 133367?
13, 10259
What are the prime factors of 2620479?
3, 53, 16481
What are the prime factors of 352824?
2, 3, 61, 241
List the prime factors of 18460186.
2, 61, 337, 449
What are the prime factors of 335964?
2, 3, 27997
List the prime factors of 34517.
7, 4931
What are the prime factors of 13495088?
2, 843443
List the prime factors of 381904.
2, 23869
List the prime factors of 14747387.
73, 269, 751
List the prime factors of 2031618.
2, 3, 571, 593
List the prime factors of 992467.
7, 29, 4889
What are the prime factors of 11427223?
1579, 7237
List the prime factors of 5989194.
2, 3, 197, 563